1815499 a composite number?
False
Is 4306508369 a prime number?
False
Is 1461408917 composite?
True
Is 54750601 a composite number?
True
Is 7353895579 prime?
True
Is 107625619483 a composite number?
False
Is 27826466411 a composite number?
False
Is 37922761 composite?
True
Is 494404501 a composite number?
False
Is 26415034081 a prime number?
True
Is 2000765101 a composite number?
True
Is 78736731 composite?
True
Is 812390281 composite?
False
Is 5632142119 composite?
False
Is 48445143217 a composite number?
True
Is 81872423147 a composite number?
True
Is 674829461 a prime number?
False
Is 482297267 composite?
False
Is 22227697607 a composite number?
True
Is 5150115983 prime?
False
Is 12802484809 a prime number?
False
Is 34931581 a prime number?
True
Is 6511168939 a composite number?
True
Is 19143523781 prime?
False
Is 212400421 prime?
True
Is 685201709 prime?
True
Is 6278121119 a prime number?
True
Is 56903824303 composite?
False
Is 1675623451 a prime number?
False
Is 263145917 prime?
False
Is 2142417149 prime?
True
Is 18295171457 prime?
True
Is 5768127899 composite?
False
Is 70070283611 prime?
False
Is 11387429699 composite?
False
Is 1677127421 prime?
False
Is 13972963789 prime?
False
Is 2310976103 composite?
False
Is 533517627 composite?
True
Is 27182519527 a composite number?
False
Is 7281265301 prime?
False
Is 877382197 prime?
False
Is 70942698133 composite?
False
Is 19235206747 prime?
True
Is 66585320534 a composite number?
True
Is 3836503861 prime?
True
Is 679185977 prime?
False
Is 199231987 prime?
True
Is 161521171 prime?
False
Is 5145270979 composite?
True
Is 5885087393 prime?
False
Is 46349997749 composite?
True
Is 17029651895 a prime number?
False
Is 61322278267 a composite number?
False
Is 13223453327 prime?
False
Is 2053452613 a composite number?
False
Is 17713139 prime?
False
Is 153048172547 a composite number?
True
Is 10520717027 a prime number?
False
Is 558473957 a prime number?
True
Is 2037952999 a prime number?
False
Is 2123692399 a prime number?
True
Is 3789924599 prime?
True
Is 990083389 a prime number?
False
Is 41948050559 composite?
True
Is 665714087 a composite number?
True
Is 264131561 a composite number?
False
Is 3135135379 prime?
True
Is 1053642157 prime?
True
Is 4384169785 prime?
False
Is 972839545 composite?
True
Is 4146419733 composite?
True
Is 5082886087 composite?
False
Is 332099893 prime?
True
Is 1935960815 a prime number?
False
Is 173561179663 a prime number?
True
Is 666841211 a composite number?
False
Is 410746151 prime?
True
Is 1254481131 a prime number?
False
Is 4358032267 prime?
True
Is 5400375865 composite?
True
Is 58822325983 prime?
True
Is 3843823279 a prime number?
False
Is 131115139 a prime number?
True
Is 33925412603 a prime number?
True
Is 931823339 composite?
True
Is 803509549 composite?
True
Is 488747071 prime?
False
Is 121834234511 a composite number?
True
Is 2168322599 a prime number?
False
Is 10302779473 a composite number?
True
Is 8110667 a composite number?
False
Is 21502549 a prime number?
False
Is 2075723197 a prime number?
True
Is 5105783489 composite?
True
Is 11912911547 a composite number?
True
Is 3332014457 a composite number?
True
Is 604199267 a composite number?
True
Is 79570963 a composite number?
False
Is 13776923431 a composite number?
True
Is 670137817 a prime number?
False
Is 1414659457 prime?
False
Is 5131215974 a composite number?
True
Is 572996791 a prime number?
True
Is 83895565571 prime?
False
Is 24620343421 prime?
False
Is 5045680429 a composite number?
False
Is 2225732627 a composite number?
True
Is 3997071731 composite?
False
Is 16894296997 a composite number?
True
Is 69805997 a prime number?
True
Is 1434717989 prime?
False
Is 34689247 a composite number?
False
Is 887693087 composite?
False
Is 4851746611 composite?
False
Is 28798230403 prime?
False
Is 2981891351 prime?
True
Is 18004007429 a composite number?
True
Is 1195199099 a prime number?
True
Is 389813993333 a composite number?
False
Is 61218836279 prime?
True
Is 2906842271 composite?
False
Is 75595987 composite?
True
Is 8328835663 a prime number?
False
Is 62360466787 a composite number?
False
Is 29534654113 a prime number?
False
Is 981320831 prime?
True
Is 12669073903 composite?
True
Is 458024141 a composite number?
True
Is 61827879923 composite?
True
Is 1719024539 a prime number?
True
Is 43544646487 a composite number?
True
Is 4130837413 prime?
False
Is 743111477 a composite number?
False
Is 8096512961 a composite number?
True
Is 1155420653 a composite number?
False
Is 237992771 prime?
True
Is 1323517931 composite?
False
Is 862156637 a composite number?
True
Is 22385381 composite?
False
Is 1875907 prime?
False
Is 18317721337 prime?
True
Is 2568083965 prime?
False
Is 4122687671 composite?
False
Is 827176481 a composite number?
False
Is 26003222237 prime?
True
Is 1485412931 prime?
True
Is 655495901 a prime number?
True
Is 19974342079 prime?
True
Is 36630331 a composite number?
True
Is 18437533237 a prime number?
True
Is 1060656733 composite?
True
Is 23486799997 a composite number?
False
Is 3124422997 a prime number?
False
Is 3139033 a composite number?
True
Is 403267253 a composite number?
False
Is 5912482337 prime?
True
Is 2094378571 composite?
True
Is 79826371711 composite?
True
Is 569117167 prime?
True
Is 10566580867 a composite number?
False
Is 62412081271 composite?
False
Is 8224144765 composite?
True
Is 42897517667 composite?
False
Is 21321692437 a prime number?
False
Is 49460018 composite?
True
Is 52428134699 prime?
True
Is 3651092789 a composite number?
True
Is 15283323086 a prime number?
False
Is 1476639683 a composite number?
False
Is 3340993693 prime?
True
Is 154479035 a prime number?
False
Is 19227679 prime?
False
Is 23361970637 a prime number?
True
Is 44440002517 prime?
True
Is 3479263693 a prime number?
True
Is 13719133973 composite?
True
Is 6642542507 composite?
False
Is 14313306457 a composite number?
True
Is 587938201 composite?
False
Is 1206568171 composite?
True
Is 815353523 a composite number?
False
Is 59752515034 a prime number?
False
Is 144879883271 prime?
True
Is 112408993 prime?
True
Is 20974533809 a prime number?
False
Is 3444535037 a composite number?
True
Is 40804894457 prime?
False
Is 78930869 prime?
True
Is 798152711 a prime number?
True
Is 3136038167 a prime number?
True
Is 1057627513 a composite number?
True
Is 249399289 prime?
True
Is 4569563243 a composite number?
True
Is 208410673379 a composite number?
True
Is 6099403469 a prime number?
True
Is 501180959 composite?
True
Is 41309779501 composite?
True
Is 8356655143 a composite number?
False
Is 334123347 a composite number?
True
Is 1202029463 a prime number?
True
Is 220863067 a composite number?
False
Is 158299181 prime?
False
Is 32858047681 a prime number?
True
Is 4173973255 a prime number?
False
Is 38768503729 a prime number?
False
Is 652647319 a prime number?
True
Is 24259157309 a composite number?
False
Is 56264732035 composite?
True
Is 16170973937 a composite number?
True
Is 95970637253 a prime number?
True
Is 1869496037 composite?
False
Is 121914492587 prime?
True
Is 441414359 prime?
True
Is 1444896863 a composite number?
True
Is 122617816042 a composite number?
True
Is 56255024153 composite?
True
Is 23314923179 a composite number?
False
Is 57810265343 a prime number?
False
Is 18242818079 a prime number?
False
Is 22828399819 composite?
False
Is 10229360993 prime?
True
Is 4165202381 composite?
False
Is 13399324427 prime?
True
Is 176053499 prime?
True
Is 498593993 a composite number?
False
Is 5061460717 composite?
True
Is 266530541 a composite number?
False
Is 1872444481 a prime number?
False
Is 546405395 a prime number?
False
Is 11391255703 a prime number?
True
Is 774936053 prime?
False
Is 12260807261 prime?
True
Is 2328285781 composite?
True
Is 122037618349 a prime number?
True
Is 73165095463 a prime number?
True
Is 10157494621 a composite number?
True
Is 6530040557 a composite number?
False
Is 3301174579 composite?
True
Is 3525212773 prime?
True
Is 75293833 composite?
True
Is 54364938521 a prime number?
False
Is 191996171 a prime number?
True
Is 8942307431 a composite number?
True
Is 924745754497 prime?
True
Is 1286254513 prime?
False
Is 5367050641 a prime number?
False
Is 100045666561 prime?
False
Is 51122267473 composite?
F